 k + t*k. Calculate m(0).
0
Let v(t) = t**3 + 5*t**2 + 3*t - 1. Let x be 0 + (-7)/((-14)/4). Suppose 4 = -2*j - x. Determine v(j).
8
Let i = 28 - 25. Let a(z) = 14*z**3 - z**2 - 2*z + 12. Let s(o) = -5*o**3 + o - 4. Let b(h) = -4*a(h) - 11*s(h). Determine b(i).
-4
Let o(s) = -3*s - 3. Let j(u) = -u**2 + 6*u + 4. Let k(b) = -1. Let w(v) = -j(v) + 6*k(v). Let a be w(7). Give o(a).
6
Suppose -4*w = 1 - 9. Suppose 2*x + w*x = 12. Let k(b) = 5*b. Let z(m) = 6*m. Let v(u) = 7*k(u) - 6*z(u). Give v(x).
-3
Let b be (20/(-12))/(4/(-12)). Let q(a) = -2*a**3 + 9 + b + a**3 + a. Determine q(0).
14
Let y(d) = 3 - 4*d + 0 + 4*d**3 - 4*d**3 + 3*d**2 + d**3. Let c be y(-4). Let s(g) = -g**2 + 3*g + 2. Give s(c).
2
Let a(m) = 5*m - 16. Let q be a(-8). Let x be ((-6)/7)/((-8)/q). Let c(n) = n + 3. What is c(x)?
-3
Suppose 5 = 3*f - y, 0 = f - 4*y + 19 - 6. Let d(b) be the second derivative of -1/6*b**3 - 1/2*b**2 + 0 + f*b. Give d(-3).
2
Let h be (-18)/3*(-3)/9. Let g(x) = 3*x**3 + x**2 - 5*x. Let w(o) = -5*o**3 - 2*o**2 + 9*o. Let k(r) = -7*g(r) - 4*w(r). Give k(h).
-6
Let s(f) be the first derivative of f**3/3 - 7*f**2/2 - 5*f - 1. What is s(6)?
-11
Let u(x) = x - 3. Let m(l) = -2*l**2 + 52*l + 60. Let q be m(27). Determine u(q).
3
Suppose -6*f - 6 = -3*f. Suppose -5*p + 4 + 11 = 0. Let g(v) = -2*v + 3*v**3 - 3*v**p + v**2 + v**3 + 1. Determine g(f).
1
Let p(i) = -3*i + 3. Let b(l) = l + 8. Let q be b(-5). Suppose z + 3*r + 13 = -0*z, 3*z + 9 = -q*r. What is p(z)?
-3
Let z(l) = l**2 - 3*l. Suppose -4*m = -8 - 4. What is z(m)?
0
Let u(t) = t - 1. Let r = -21 - -7. Let b(g) = -g**3 - 3*g**2 - 2*g + 3. Let a be b(-3). Let m = a + r. What is u(m)?
-6
Suppose s - 22 = -0*s + 5*k, -2*s - 4*k = 12. Suppose 36 = 2*v + s*v. Suppose t + x + 3 = 0, -5*x = 4*t - 5*t + v. Let q(r) = -3*r**3 - r**2 + 1. What is q(t)?
3
Let s(a) = -11*a + 38*a - 13*a. What is s(1)?
14
Suppose -1 = -10*q - 1. Let f(j) be the second derivative of -1/6*j**3 - 3*j**2 + j + 0. Calculate f(q).
-6
Let f(k) = -2*k**3 + 3*k - k + 5 - 7 + 2*k**2 + 0. Suppose 3*u - 6*u = -6. What is f(u)?
-6
Let d(t) = 6*t + 2. Suppose -k + 5*c + 17 = 0, 2*k - k + 7 = -3*c. Calculate d(k).
14
Let r(b) = -b - 10. Suppose 0 = -3*i + 2*i + 5. Suppose i*t = t. Determine r(t).
-10
Let o be (0 + 0)/4 - -3. Let m(a) = -a**3 + 4*a**2 - 4*a - 1. Determine m(o).
-4
Let u(b) be the third derivative of b**3/3 + 3*b**2. Let q(k) = -4*k - 3*k + k + 5*k. Let c(g) = -3*q(g) - u(g). Give c(2).
4
Let q = 20 - 18. Let s(i) = -2*i + 1. Calculate s(q).
-3
Let o(x) = -x**2 + x - 1. Let l(f) = 5*f**2 - 4*f - 15. Let u(n) = -l(n) - 4*o(n). Determine u(0).
19
Let x(v) = -8*v**2 + 2*v. Let n be x(-2). Let t be (n/(-27))/(4/6). Let m(h) = h - 4. Calculate m(t).
-2
Let h(r) = r**3 - 7*r**2 - 3. Let n be (1*-1)/((-9)/63). Calculate h(n).
-3
Let l(v) = -v**2 + 9*v - 6. Let t be l(10). Let o = t + 11. Let r(n) = -n**3 - 6*n**2 - 5*n - 7. Determine r(o).
-7
Let d = -9 - -20. Suppose -p + 3*j - 7*j = -d, 2*p + 3*j = 7. Let s(h) = 6 + 4 - h - 11 + h**3 + h**3. Determine s(p).
-2
Let v(x) = x**2 - 7*x + 1 + 2*x + 2*x. Suppose s + 3 = 2*n, 5*n + 5*s - 33 = 12. Calculate v(n).
5
Let u(y) be the first derivative of y**4/4 + 2*y**3/3 - y**2 - 2*y - 30. Let q be 2*6/8*-2. What is u(q)?
-5
Let o(v) = -2*v - 1. Suppose -26 = 4*t - 3*t - 5*j, 0 = -t - 4*j + 10. Give o(t).
11
Let g(a) = -a**2 - 5*a + 2. Suppose -2*h = -4*h - 8. Let s = h - 1. Determine g(s).
2
Suppose 2*b + 2 = b. Let r(v) be the second derivative of -v**3/3 - 7*v. Calculate r(b).
4
Let k(w) = 5*w**2 - w. Let i(a) = -4*a - 29. Let j be i(-7). Calculate k(j).
6
Let f(o) = -2*o**2 + 4*o**3 + 4 - 6 - 3*o**3 + 2*o. Let n = 6 - 4. Let r be (-2 - -1)/(n/(-4)). Determine f(r).
2
Suppose 5*b + t - 41 = 0, 0 = -3*t - 0*t + 3. Suppose 2*q + 4*z = -b, 3*q - 3*z + 4 = -z. Let i(j) = -6*j. Determine i(q).
12
Let d(p) = p**3 + 3*p**2 + 2*p + 3. Let y(a) = 0 + 11 - 2 + 3*a. Let q be y(-4). Calculate d(q).
-3
Let r(o) = 6*o**2 - 5*o - 5. Let y(c) = c**2 - c - 1. Let g(t) = -r(t) + 4*y(t). What is g(2)?
-5
Let j = 0 + 2. Let d(t) = -5*t**2 - j*t + 0*t + 2*t - 1. Calculate d(1).
-6
Suppose -6*i + 5*i - 1 = 0. Let b(h) = 6*h**2 + 1. Determine b(i).
7
Suppose -4*k + 16 = -24. Let f be ((-8)/k)/(2/(-10)). Let h(x) = -x**3 + 4*x**2 + 1. Determine h(f).
1
Let m(u) = -u - 9. Let q(z) = -z**2 - 4*z + 5. Let a = 1 + -1. Suppose a = 3*k - 2 + 17. Let n be q(k). What is m(n)?
-9
Let j(f) = -2*f - 4*f**3 - 10 - 93*f**2 + f**3 + 84*f**2. Let i(b) = b**3 + b**2 - b + 1. Let h(v) = 4*i(v) + j(v). Calculate h(6).
-6
Let j(g) = -g + 11. Let p(b) = 2*b - 24. Let t(o) = -13*j(o) - 6*p(o). Calculate t(4).
5
Suppose 2*q = 6 + 8. Let t(m) = -3*m - 2. Let u(v) = -4*v - 2. Let j(x) = q*t(x) - 6*u(x). Let b(i) = 5*i - 1. Let y be b(1). What is j(y)?
10
Let m(j) = 2*j - 2. Let s be (0 - -1)/(-1 - (-1)/2). Give m(s).
-6
Let q be 15/(-9) + 3/(-9). Let x be q - (3 - 3)/3. Let b(k) be the first derivative of -k**4/4 - 5*k**3/3 - k**2 + k + 1. What is b(x)?
-7
Let d(p) be the second derivative of p**2 + 4*p - 5/6*p**3 + 0 + 1/12*p**4. Let g(l) = 1. Let m(x) = -d(x) - 2*g(x). What is m(3)?
2
Let r = 207 - 206. Let z(i) = -10*i**3 + i**2 - i + 1. Calculate z(r).
-9
Let f(k) = -k**3 - k**2 + 1. Let h(s) = -5*s**3 - 9*s**2 + 7*s + 6. Let y(c) = -4*f(c) + h(c). Calculate y(-6).
-4
Suppose -4*w + 21 = 1. Let p = 22 + -19. Let x(q) = 1 - 3*q - p*q**2 - w + 4*q**2. Give x(4).
0
Let v(u) be the third derivative of -u**6/120 - u**5/12 + u**4/4 - u**3 - 20*u**2. Calculate v(-6).
-6
Let u(k) = k - 4. Let r(i) = i**2 + 12*i + 5. Let x be r(-12). Suppose 2*b = -10, 0*a - 15 = -x*a - b. What is u(a)?
0
Let r(f) = -f**2 - 4*f + 7. Let d be (-2)/13 + 126/(-26). Calculate r(d).
2
Let b(h) = -5*h + 4. Let t(o) = 11*o - 8. Let y(q) = -5*b(q) - 2*t(q). Give y(4).
8
Let a(o) = -2*o**3 + o**2 + 2*o. Let k = 2 - -1. Let y be k/2 - 2/(-4). Give a(y).
-8
Let h = -12 - -7. Let n(d) = d**3 + 6*d**2 + 6*d - 5. Determine n(h).
-10
Let z(x) = -x**3 - 5*x**2 - x + 2. Suppose 0*b + b = 4. Suppose -b*d + 2*a - 6 = 0, 27 = -3*d - 5*a + 2*a. What is z(d)?
-10
Let t(d) = -3*d + 0*d - d + 2 + 5*d. Give t(6).
8
Suppose -d + k - 1 = 4, -d - k - 9 = 0. Let x = -9 + 4. Let w = x - d. Let f(o) = -2*o**2 + o + 2. What is f(w)?
-4
Let p(k) = 11*k**2 - 20. Let z(f) = 4*f**2 - 7. Let r(n) = 3*p(n) - 8*z(n). Give r(3).
5
Let l be 1/(-4) + (-14)/8. Let i(n) = -1. Let h(o) = -o - 1. Let t(g) = h(g) - 2*i(g). Let b(c) = -c**2 - 6*c + 1. Let q(s) = l*t(s) + b(s). What is q(-4)?
-1
Let o = 17 + -14. Let l(k) = -k**2 + 2*k - 3. Give l(o).
-6
Let v(w) = 4 + 352*w - 712*w - w**2 + 355*w. Give v(-6).
-2
Suppose -7*t + 5*t = 8. Let q(b) = -b**2 - 4*b + 5. Determine q(t).
5
Let z(t) = -10*t + 2 + t**2 + 4*t + 2*t**2. Let v(g) = g**2 - g. Let n(l) = 4*v(l) - z(l). Let s(u) be the first derivative of n(u). Determine s(-4).
-6
Let c(u) = -u**3 - 4*u**2 + u + 1. Let p be (-44)/(-16) - 1/(-4). Suppose f - 3*z = 7, f = -4*z - p - 11. Give c(f).
-9
Let v(m) = -m**2 - 1. Let c = -1 + 2. Let h = 5 - 6. Let q = c + h. Determine v(q).
-1
Let g(u) = -7*u**3 - 6*u**2 + 2*u - 11. Let s(q) = 2*q - 11. Let v be s(10). Let x(k) = -3*k**3 - 3*k**2 + k - 5. Let d(t) = v*x(t) - 4*g(t). Give d(3).
2
Suppose -4*o + 4*w = -28, 3*w + w + 24 = 2*o. Suppose -5*t + o = -8. Let k(r) = -2*r + 1 + r + 2*r**t + 0*r. Give k(1).
2
Let l(t) = 2*t. Let x be (2/(-6))/((-3)/63). What is l(x)?
14
Let a(t) = t**2 + 4*t + 2. Let m be ((-6)/(-3))/((-4)/(-14)). Let d = m + -12. What is a(d)?
7
Suppose -2*d - 3*z + 20 = -8*z, -d + 16 = -4*z. Let o(k) = -3 + d*k**3 - 3*k**2 - 2*k**2 - 5*k - k**3. Give o(-3).
-6
Let v(s) = 4*s**2 + s + 8. Let o(k) = -3*k**2 - k - 7. Suppose 0 = 4*i, 2*m - 4*i - 1 = -11. Let b(j) = m*o(j) - 4*v(j). Let z = -1 + 1. Give b(z).
3
Suppose -3*h - 2*t = -13, 4*t + 6 = -h + 17. Let s = 0 - h. Let y = -7 - s. Let w(b) = b**3 + 4*b**2 + b - 4. Calculate w(y).
-8
Let j(k) be the third derivative of k**4/24 + k**3/6 + 2*k**2 - 7*k. Determine j(-7).
-6
Let m(h) = h**3 + h**2 + h + 2. Suppose 0 = 3*o + 2*o + 35. Let l = 7 + o. Calculate m(l).
2
Let k(l) = l**2 - 4*l + 1. Let v be k(2). Let f be ((-30)/(-9))/((-2)/v). Let d(z) = -6*z + 0 + z + 2 + 4*z. Calculate d(f).
-3
Let u = 10 + -18. Let x = u - -2. Let v(w) = 2*w 